 3 - 18 = 5*m. Calculate the remainder when 39 is divided by (7 + m)/((-2)/(-10)).
19
Suppose -q = -1 - 8. Suppose -1 + q = 4*z. Suppose 5*r - 54 = -3*o, z*r + 50 = 3*o - 4. Calculate the remainder when o is divided by 10.
8
What is the remainder when 19 is divided by (10/1)/((-16)/(-24))?
4
Suppose -g + 11 = 1. Suppose 4*b - 8 = 0, 6*b - 2*b = -v + 27. Calculate the remainder when v is divided by g.
9
Suppose 29 - 5 = 3*f. Suppose -12 = -o - 0*o. Suppose o*i - 14 = 11*i. What is the remainder when i is divided by f?
6
Suppose -2*y + 0*h = -h - 146, -3*h + 292 = 4*y. What is the remainder when y is divided by 19?
16
Let n(r) = -r**2 - 5*r - 4. Let g be n(-4). Suppose -4*l + 39 + 1 = g. What is the remainder when 6/(-4) + (-366)/(-12) is divided by l?
9
Suppose -3 = -5*w - j + 6, 2*w + 2*j = 2. Let g(v) = 2*v**2 - 3*v - 4*v + 0*v**w. Calculate the remainder when 29 is divided by g(5).
14
Suppose 5*o = -56 - 9. Suppose 0 = -3*i - 1 + 16. What is the remainder when (o/2)/(1/(-2)) is divided by i?
3
Let d be (-1)/((-48)/(-44) + -1). Let r(v) = -v**2 - 14*v - 5. Calculate the remainder when r(d) is divided by 8.
4
Let k(x) = -x - 1. Let o be k(6). Let a = o - -13. Calculate the remainder when a is divided by 5.
1
Suppose 0 = 3*q - 34 - 23. Calculate the remainder when 31 is divided by q.
12
Let v = 26 - -12. What is the remainder when v is divided by 3/(-1) - -16 - 0?
12
Suppose 0*h - 6 = -h. Suppose -2*s + h = -6. Suppose -7 = -2*y + 25. Calculate the remainder when y is divided by s.
4
What is the remainder when 65/(-10)*(-4 - 0) is divided by 7?
5
Let c = 0 - 0. Suppose -2*g - 5*h = -c*g - 53, g = -3*h + 25. What is the remainder when g/(((-6)/(-1))/3) is divided by 9?
8
Let c = -11 - -29. What is the remainder when 69 is divided by c?
15
Let j(f) = -13*f - 8. Calculate the remainder when j(-2) is divided by 5.
3
Let k = 0 - -15. Calculate the remainder when k is divided by 4.
3
Let l be (-10)/(-3) - (-3)/(-9). Suppose 0 = 3*b + b - 8. Calculate the remainder when (-2)/l*(-9)/2 is divided by b.
1
Let k(m) = -m + 21. Let i be (8 - -1)/((-1)/(-1)). What is the remainder when 34 is divided by k(i)?
10
Suppose 431 + 27 = 5*w + l, 0 = 3*w + 4*l - 268. Calculate the remainder when w is divided by 33.
26
Suppose 2*i = i - 3*z + 7, -3*i + 31 = 4*z. Suppose 7*u = 2*u - 3*t + 26, 0 = u + 5*t - 14. Calculate the remainder when i is divided by u.
1
Suppose -2 - 26 = -4*d. Let v(s) = -s**3 + 9*s**2 - 4*s - 13. Calculate the remainder when v(8) is divided by d.
5
Suppose 3 + 6 = h. Suppose f - 11 = h. Calculate the remainder when f is divided by 7.
6
Let m = -74 + 106. What is the remainder when m is divided by 11?
10
Let j = 64 - 46. Calculate the remainder when 2/(j/21)*9 is divided by 6.
3
Let f be (-1 + -1)*6/(-4). Let w be (f/(-2))/(-3)*66. What is the remainder when 2 + 0 + (w - 2) is divided by 17?
16
Let j = -43 - -66. What is the remainder when 65 is divided by j?
19
Let a = -9 - -32. Calculate the remainder when 68 is divided by a.
22
What is the remainder when ((-6)/4)/(-1*(-9)/(-474)) is divided by 20?
19
Suppose m - 6 = -3. Let c(i) = -i**3 + 6*i**2 - 3*i - 5. What is the remainder when c(5) is divided by m?
2
Let b = -84 + 123. Suppose 2*c = b - 3. What is the remainder when c is divided by 7?
4
Suppose 3*h = -0*m - 5*m + 34, h = 3*m + 2. Let g = h + -5. Calculate the remainder when 11 is divided by g.
2
Suppose -2*b - 10 = 0, 4*x - 19 = 2*b + 11. Let k = 21 + -7. Calculate the remainder when k is divided by x.
4
Let x = -24 - -54. Calculate the remainder when 1*(114 - (-3)/1) is divided by x.
27
Let t(j) = 7*j. Calculate the remainder when 2/4*200/5 is divided by t(1).
6
Suppose -5*o - 4*i = -25, 1 = 4*o + i - 8. Suppose z - 6*z = 3*g + 8, -3*g + 4*z + 1 = 0. Calculate the remainder when 0 - -1 - (g + 1) is divided by o.
0
Let i = -10 + 14. Suppose -3*y + 27 = -3*b, 11 = -0*y - y - i*b. Let s = y + -3. What is the remainder when 4 is divided by s?
0
Let n = 173 - 119. What is the remainder when n is divided by 14?
12
Let v(y) = y**3 - 6*y**2 + 6*y - 1. What is the remainder when 48 is divided by v(5)?
0
Let u be 206/10 + 9/(-15). Suppose 5*s - 55 = -0*k - 5*k, -u = -5*k. Calculate the remainder when 12 is divided by s.
5
Suppose -4*p = -3*n - 5, p - 2*p + 3*n = 10. Suppose -5*f = -0*f + 2*d - 168, 2*f = p*d + 44. Calculate the remainder when f is divided by 11.
10
Suppose -4*o + 44 = -20. Calculate the remainder when o is divided by 6/(1/((-6)/(-4))).
7
Let t = 6 + 0. Let d(i) = i**3 - 4*i**2 - 7*i + 3. What is the remainder when d(t) is divided by 12?
9
Suppose -4*w + 0*w + 48 = 0. Calculate the remainder when w is divided by 7.
5
Suppose 1 = -4*b + 9, 4*c - 3*b - 2 = 0. Let o(j) = 2*j**2 + c*j - j**2 + 1 + 1 - 5*j**3. Calculate the remainder when o(-2) is divided by 15.
12
Let k(d) = 3*d + 43. What is the remainder when k(19) is divided by 17?
15
Suppose -20*y + 5*y = -240. Suppose 0 = 3*l - 0*l - 2*b + 6, 0 = -3*l - 5*b - 27. Calculate the remainder when 2/l + 126/4 is divided by y.
15
Let n be -2 + (0/3)/(-2). What is the remainder when 1 - (6/n + -66) is divided by 24?
22
Let l = -65 - -106. Suppose 5*t = 3*f + f - 43, 3*f - t = 24. Let y(b) = b + 7. Calculate the remainder when l is divided by y(f).
13
Let l(s) = 2*s**2 + 59. Calculate the remainder when l(0) is divided by 31.
28
Suppose 2*f + 2*f = 20. Suppose 106 + 89 = f*z + g, -2*z + 3*g = -95. Calculate the remainder when z is divided by 14.
12
Let g = -8 + 10. Suppose 2*m - 4*l = 42, -42 = -g*m + 6*l - l. Calculate the remainder when m is divided by 11.
10
What is the remainder when 12 is divided by 240/32 - 1/(6/(-3))?
4
Suppose -5*r + 44 = b, -4*b + 4*r - 5*r = -176. Let o = b - 25. What is the remainder when o is divided by 5?
4
What is the remainder when 53 is divided by 4 - (0 - -1 - 25)?
25
Calculate the remainder when 18 is divided by 4/(-35)*-5 - 24/(-7).
2
Suppose -5*h = -0*h - 30. Suppose 2*s = h - 2. Suppose w = -3 + 4. Calculate the remainder when s is divided by w.
0
What is the remainder when (-842)/(-18) - (-4)/18 is divided by 12?
11
What is the remainder when 95 is divided by (-167)/(-7) + 7/(-1 + 50)?
23
Let l = 2 + 23. Suppose 0 = 2*j + j - 39. Calculate the remainder when l is divided by j.
12
Suppose f + 11 = 48. What is the remainder when f is divided by 14?
9
Let p = -7 + 14. What is the remainder when 1/(-2) + 78/4 is divided by p?
5
Calculate the remainder when 35 is divided by 16/3*9/6.
3
Let w(f) = f**3 + 6*f**2 - f - 1. Suppose -j - 28 = -3*j. Let v = j - 6. Calculate the remainder when v is divided by w(-6).
3
Let x(d) = 8*d - 3. Let g be (2 - 11)/(-3) - -1. What is the remainder when x(g) is divided by 15?
14
Suppose -5*k - 49 = -j, j = -2*j + k + 175. Calculate the remainder when j is divided by 15.
14
Let u(l) = 4*l + l + 7 - 4*l + 2. Suppose 0 = y - 11 + 4. What is the remainder when 46 is divided by u(y)?
14
Suppose -2*r = -59 - 137. What is the remainder when r is divided by 25?
23
Let a = 12 - -1. Calculate the remainder when (-1)/(1 + -2) + 49 is divided by a.
11
Suppose 64*a - 61*a - 48 = 0. What is the remainder when 30 is divided by a?
14
Let v be 3*(-3)/(-15)*5. Suppose v*d = -22 - 32. What is the remainder when 36 is divided by 507/27 - 4/d?
17
Let q(v) = -2 + 0 - 9*v + 3*v - v. Let i be q(-2). Suppose 0*o = -o + i. Calculate the remainder when 35 is divided by o.
11
Let i(k) = 3*k**2 - 4*k**2 - k**2 + 3*k**2 - 5*k - 6. What is the remainder when 29 is divided by i(7)?
5
What is the remainder when 28 is divided by 4*2*(-4 - -5)?
4
Suppose 4*d - 51 - 165 = 0. Calculate the remainder when d is divided by 14.
12
Let v(u) = -3*u**2 - 2*u**2 + 4*u**2 + 4*u**2. Suppose 7*l - 3*l - g = 57, -5*g = 3*l - 37. What is the remainder when v(3) is divided by l?
13
Let l(q) = 7*q**2 + 2*q + 1. Let v(f) = f**2 - 3*f - 2. What is the remainder when v(6) is divided by l(-1)?
4
Let l(a) = -a**3 - a**2 + 8*a + 5. Let v be 3 - 1 - (-21)/(-3). What is the remainder when l(v) is divided by 17?
14
Suppose -7 = -2*j + 13. Calculate the remainder when (6/(-4) - -1)/(19/(-1026)) is divided by j.
7
Let j = 10 - -1. What is the remainder when j is divided by 3?
2
Suppose 11*a - 263 = -21. Let q be 392/6 - (-2)/(-6). Let m = 129 - q. Calculate the remainder when m i